Let o be g(l). Calculate the highest common factor of o and 6.
6
Let n be 176 - -2*1/(-2). Calculate the highest common divisor of n and 35.
35
Let d be (6 - 4)/(4/10). Suppose -v + 2 = -0*v, 43 = d*h - v. Calculate the greatest common divisor of 81 and h.
9
Suppose 2*r - 51 = t, 5*t - 96 = -0*r - 3*r. What is the greatest common divisor of r and 18?
9
Let y(w) = -w**3 + 8*w**2 + 6. Let l be y(4). Suppose -5*v + 57 = -83. What is the greatest common factor of v and l?
14
Let y = -113 - -179. Calculate the highest common divisor of y and 11.
11
Suppose 3*t - t - 144 = 0. Calculate the highest common divisor of 18 and t.
18
Let k = 14 - 2. Let g = k - 11. Calculate the highest common divisor of g and 11.
1
Let b(f) = -2*f + 9. Let w be b(6). Let v be 24/(w*(-2)/21). Let o = -14 - -26. Calculate the highest common divisor of o and v.
12
Let n(p) = 2*p**3 + 4*p + 6. Let z be n(4). What is the highest common divisor of 15 and z?
15
Let d = -10 + 14. Suppose -22 = -p - 9*l + d*l, 5*p + 4*l = 194. Calculate the highest common divisor of p and 6.
6
Let b = 357 - 96. What is the highest common factor of 29 and b?
29
Suppose 2*k + 3*k - 4*n - 88 = 0, -2*k + 36 = -2*n. Suppose -3*o + 7*o = 4*y - 68, 0 = -4*y - o + 63. Calculate the highest common divisor of y and k.
16
Let s be (-6)/21 + (-368)/(-14). What is the highest common factor of 13 and s?
13
Let i(g) = g. Let n be i(1). Let j = 183 - 180. Calculate the greatest common divisor of j and n.
1
Let q be 4/(-14) + 623/(-49). Let f = 2 - q. What is the highest common divisor of 120 and f?
15
Let r(q) = q**3 + 14*q**2 + 11*q - 3. Let n be r(-13). What is the highest common factor of 69 and n?
23
Let m = 9 + -5. Suppose -65*z - 60 = -70*z. Calculate the greatest common factor of m and z.
4
Let p(v) = 0 - 12 - 3 + 4*v - 2. Let w be p(7). What is the highest common factor of w and 11?
11
Let c(b) = b**3 + b**2 + b - 8. Let w be c(0). Suppose -5*o + 126 = -3*z, 3*o - z - 30 = 44. Let d = o - w. What is the greatest common divisor of d and 8?
8
Suppose 0 = 2*m - 0*m - 30. What is the greatest common factor of m and 135?
15
Let c(z) = 38*z**2 - 2*z. Let x be c(-1). Calculate the highest common divisor of x and 40.
40
Let r(u) = 2*u + 6*u - 7 + 8*u - 2*u. Let y be r(11). What is the greatest common factor of 21 and y?
21
Let b be (-58)/(-6) + (-3)/(-9). Suppose 2 = i - b. Let g be 2*-3*(-4)/6. Calculate the highest common divisor of i and g.
4
Suppose -3*v + 6*v = 12. Let y = 0 + 2. Let t = v - y. Calculate the highest common divisor of t and 3.
1
Let u(d) = -d**3 - 30*d**2 - d + 8. Let x be u(-30). Calculate the greatest common divisor of 38 and x.
38
Let w be 1 + -1 + -1 + 45. What is the greatest common factor of 4 and w?
4
Let o = 49 - 9. Let x = -24 + o. What is the highest common divisor of x and 64?
16
Let c = 4 - -128. What is the greatest common divisor of c and 12?
12
Let w be 200/(-12) + (-2)/6. Let m = w - -47. Suppose -b - 4 = -z - 1, 5*z - 33 = -b. What is the greatest common divisor of z and m?
6
Let c(i) = 2*i**2 - 5*i + 8. Let h be c(8). Suppose -5*l + 55 = -r, -4*l - 5*r + 58 = -3*r. What is the highest common factor of h and l?
12
Let s(p) be the first derivative of -7*p**2 - 8*p + 6. Let z = 25 - 35. Let q be s(z). What is the highest common divisor of 12 and q?
12
Suppose 0 = 2*a - 2*c - 14, 4*c + 0*c - 16 = 0. Let g = -1 + a. Calculate the greatest common factor of g and 20.
10
Suppose 0 = 2*i - 77 + 11. Calculate the highest common factor of i and 3.
3
Let u(v) = 5*v**2 + 3*v - 8. Let l be u(-6). What is the greatest common factor of l and 14?
14
Let u(a) = 5*a + 3. Let z be u(3). Suppose 0*y - 5*y + 110 = 0. Let d = 5 + y. Calculate the greatest common factor of d and z.
9
Suppose 2*v - y + 6 - 16 = 0, v + 5*y = 16. Suppose 0 = -3*u + v*u - 6. What is the greatest common factor of u and 1?
1
Let w(a) = 3*a - 12. Let i be w(5). Suppose 31 + 74 = i*c. Calculate the greatest common factor of 7 and c.
7
Let q(a) = 189*a**2 - 2*a - 1. Let c be q(-1). Suppose 0*l - c = -5*l. What is the greatest common factor of 19 and l?
19
Let v be 8/6 - (-6)/9. Let j(n) = -2*n - 1. Let o be j(-2). Suppose 4*r - 2 = g, 4 = o*g + r - 3. What is the greatest common divisor of g and v?
2
Suppose -5*u = -8*u + 36. What is the greatest common factor of u and 6?
6
Let i be -1 - -1 - (-1 - 3). Let v be 0/((-6)/3) - 5. Let z(u) = -3*u + 1. Let g be z(v). What is the highest common factor of g and i?
4
Let g be 1 + (-6)/2 - 56/(-4). Calculate the greatest common factor of g and 84.
12
Let x = 21 - 7. Suppose 1 = -t + k, -5*t + x + 5 = k. Suppose -20 = -t*i + i. Calculate the highest common factor of 50 and i.
10
Let v = -15 + 24. Suppose v = 4*t - 2*t - x, 0 = 3*t - 4*x - 21. What is the highest common divisor of t and 3?
3
Let k be (56/(-6))/(1096/(-120) + 9). Calculate the highest common factor of 28 and k.
14
Suppose 5*c = -0*c - 5*w - 165, -5*c + 3*w - 141 = 0. Let j = c + 68. What is the greatest common divisor of j and 57?
19
Suppose -10 + 40 = v. Let k = v - 15. What is the highest common factor of k and 30?
15
Let u(t) = t**3 - 3*t**2 + 4*t - 2. Let z be u(2). Let y = 5 - 0. Suppose -13 = -y*h + 57. What is the greatest common factor of z and h?
2
Let d be (-6)/(-2)*(-144)/(-27). Calculate the highest common divisor of 24 and d.
8
Suppose 0*s - s = 2, 14 = i + s. Let h be 2/(-6) - 34/(-3). Let p = i - h. What is the highest common divisor of 55 and p?
5
Suppose 2*d = d - 15. Let i = d - -16. Calculate the highest common divisor of i and 3.
1
Let i be ((-3)/3)/(5/(-115)). Suppose 3*b - 77 = -i. Let r be 12 - -1*0/1. Calculate the greatest common divisor of b and r.
6
Suppose 0*q + 2*q = 374. Suppose -3*h + 9 + 12 = 0. Let b(j) = 2*j + 3. Let n be b(h). What is the highest common factor of q and n?
17
Let r(d) = d**3 - 5*d**2 - 9*d + 33. Let o be r(6). Calculate the greatest common divisor of 180 and o.
15
Suppose -m + 6 = -0. Let v be (-2)/4 + (-3)/(-2). Let o be (m*v)/(8/20). Calculate the highest common divisor of 15 and o.
15
Let r be 1 - (-2)/(-2)*-35. Suppose -4*n + 236 = -r. Let y = 38 + -21. Calculate the highest common factor of y and n.
17
Let s = -4 - -22. Suppose -5*j + 25 + 20 = 0. Let h be 0 + j - (-2 + 2). Calculate the highest common divisor of h and s.
9
Suppose 4*h - 63 = 273. Calculate the highest common divisor of h and 36.
12
Let y be -2 + (7 - 2) - -23. Suppose 0 = -l - 4*b + 32, 0*l - 2*b = -3*l + y. What is the greatest common factor of 30 and l?
6
Let y(c) = 4*c**2 + 4 - 8*c + 2 - 3*c**2 + 5. Let q be y(9). Suppose 3*f - 87 = -4*o + 98, 210 = 4*o - 2*f. What is the highest common divisor of q and o?
10
Suppose 4*v + 0*i - 4*i - 28 = 0, 5*v + i - 11 = 0. Suppose -b + 64 = v*b. What is the greatest common divisor of 8 and b?
8
Let t(k) be the second derivative of 3*k**5/20 - k**4/2 - 7*k**3/6 - k**2/2 - 6*k. Let s be t(5). Calculate the greatest common factor of 27 and s.
27
Let s(w) = w**2 + 4*w - 7. Suppose 12 = -0*l - 2*l. Let z be s(l). What is the highest common factor of 50 and z?
5
Let s = -26 + 28. What is the greatest common divisor of s and 22?
2
Let w be (52/(-20) - -5)*(-10)/(-3). What is the highest common divisor of 8 and w?
8
Let j(h) = 4*h + 12. Let m be j(15). Calculate the highest common factor of m and 9.
9
Suppose 0 = 3*a - 2*o + o + 2, 3*a = -4*o + 8. Suppose 1 = 3*i - 8. Suppose a = i*s - 31 + 10. Calculate the highest common divisor of 49 and s.
7
Suppose -5*j + 45 = 4*f - 2*f, -5*f - 5*j + 75 = 0. Let x = 158 + -138. What is the greatest common factor of f and x?
10
Let q(z) = -z**2 + z + 4. Let n be q(0). Let r(u) = u + 2. Let o be r(2). What is the greatest common factor of n and o?
4
Let y(k) = 2*k - 5. Let d(s) = s**3 - 5*s**2 - 5*s + 3. Let z be d(6). Let b be y(z). Let m = 117 + -26. Calculate the greatest common divisor of b and m.
13
Let b(w) = -w**3 - 4*w**2 + 5*w - 6. Let g be b(-5). Let i be g*((-5)/2 + 2). Suppose -i*n + 31 = 4. What is the greatest common factor of n and 36?
9
Suppose 2*q - 4*s = -18, q - 5*s = -q - 23. Let t(x) = -36*x - 3. Let w be t(-3). Let f be w/25 - (-2)/(-10). Calculate the greatest common factor of q and f.
1
Let k(m) = -2*m**3 - 4*m**2 + 4. Let g be k(-2). Calculate the highest common factor of 28 and g.
4
Let g(s) = -3